ose -c = -21*q + 18*q. What is the units digit of q?
9
Let u = -46 + 23. Let d = -13 - u. What is the tens digit of d?
1
Let m(o) be the first derivative of 4*o**2 - 81*o + 19. What is the tens digit of m(26)?
2
Suppose -7 = -x + 2*g, -3*g - 13 = -5*x - 4*g. Suppose -5*s + 5*z = -460, -4*s + x*s + 3*z + 94 = 0. What is the units digit of s?
1
Let c = 43 + -11. Let n = 44 - c. What is the units digit of n?
2
Suppose -8 = 5*m - 4*m. Let w(f) = 53*f - f**2 + 2*f**2 - 49*f - 2. What is the units digit of w(m)?
0
Let g(v) = 2*v + 4. Let s be g(-2). Let o be (s + 5)*(-4 - -5). Suppose -c - 4*h = 4*c - 111, 0 = o*h + 5. What is the units digit of c?
3
Suppose 0 = -s - 2*c - 297, -2*c = -0*s + 4*s + 1164. Let j = -190 - s. What is the units digit of j?
9
Let b be 12*(-7)/(42/(-4)). Let t be (-90)/(-40) + (-2)/b. Suppose -t*p = p - 186. What is the units digit of p?
2
What is the hundreds digit of 7956/14 + ((-224)/49)/16?
5
Let d = 150 - 88. What is the units digit of d?
2
Let u be ((-6)/2 - -4) + -5. What is the tens digit of ((-44)/(-20) - u/(-20)) + 56?
5
Let t(k) = -k**3 - 25*k**2 + 2*k + 34. Let z be t(-25). Let a = 62 - z. What is the tens digit of a?
7
Let g(c) = 615*c - 23. What is the hundreds digit of g(4)?
4
Let a(h) = 8*h**3 - h + 1. Let k be a(1). Suppose 3*y - 48 = 51. Suppose -k*w + 7*w = -y. What is the tens digit of w?
3
What is the units digit of 56/(-21) - -3 - 196/(-6)?
3
Suppose -t - 3 = -2*z + 1, 5*t = 2*z - 4. Let u(c) = -c**2 + c + 12. Let q be u(t). What is the tens digit of 4/q + (-150)/(-9)?
1
Let f(n) = -35*n**3 + 4*n**2 - 3*n - 8. Let k(u) = -17*u**3 + 2*u**2 - u - 4. Let q(r) = 2*f(r) - 5*k(r). What is the units digit of q(2)?
4
Suppose 8 = 2*d - 20. Suppose -5*f + d = 2*k, -f - f + 23 = -5*k. Suppose 110 = 5*p + 5*c, 3*c + c = -f. What is the units digit of p?
3
Let w(h) = -2*h**3 + 2*h**2 + h - 7. Let f be w(3). Let r = 110 + f. What is the tens digit of r?
7
Suppose 0 = -x + 5*l + 343 + 250, -2*x + l + 1159 = 0. What is the tens digit of x?
7
Let p = 648 + -213. Suppose p = 5*d - 115. What is the tens digit of d?
1
What is the tens digit of 8/((-312)/11635)*(-54)/15?
7
Suppose -27 = -0*b - b + 4*h, 3*h = 3*b - 99. What is the tens digit of (679/b)/((-1)/(-5))?
9
What is the hundreds digit of (0 - -6)*1 - (-7 + -1250)?
2
Let w(s) = s**2 + 3*s + 1. Let n be w(-4). Suppose 0 = -2*q + n*k + 89, -2*q + 4*k + 96 = 6*k. What is the units digit of q?
7
Let x = 6381 + -601. What is the units digit of x?
0
Let b(m) = -m**2 - m + 35. Suppose 2*l = -l. What is the units digit of b(l)?
5
Suppose -13*y + 12*y + 25 = 5*w, -82 = -4*y - 2*w. What is the tens digit of y?
2
Let c = -550 + 829. Let f = c - 142. What is the units digit of f?
7
Suppose -2*b - 4 = 2*b, 2*l + 5*b = 7167. What is the units digit of l?
6
Suppose -3*p + 2045 - 140 = 0. Suppose 2*s + 5*l + p = 7*s, 0 = -3*l + 3. What is the tens digit of s?
2
Suppose -8*q + 7*q = 5*k, -5*k + 2*q = 0. Suppose k = -0*v + v - 248. What is the hundreds digit of v?
2
Let n be ((-2)/(-6))/(8/312). Let b(y) = 9*y + n*y + 18 - 26*y. What is the units digit of b(-6)?
2
Let m(x) = 38 - 74 - 4*x + 38. Suppose f + 0 = -5. What is the units digit of m(f)?
2
Let i be (0 + (-5)/5)*29. Let d = i - -29. What is the tens digit of 81 - -2 - d/5?
8
Let k be 2/(-13) - (-1148)/364. Let s = 10 + -5. Suppose k*i = s*i - 62. What is the tens digit of i?
3
Let n(i) = -i**3 - 26*i**2 - 150*i - 50. What is the tens digit of n(-20)?
5
Let l(q) = -1260*q + 23. What is the thousands digit of l(-1)?
1
Let q(o) = 154*o**2 + 3*o + 8. Let p(j) = -51*j**2 - j - 3. Let y(m) = 11*p(m) + 4*q(m). What is the units digit of y(1)?
5
Suppose -4*w + 9 = -p, -4*w + 8*w = 4*p. Suppose 5*m - 756 = 4*b, w*m - b = -0*m + 455. What is the units digit of m?
2
Suppose -4*u + b = -2485, 4*u - 4*b - 702 = 1798. What is the tens digit of u?
2
What is the units digit of 177 - (8 - 0 - 12)?
1
Suppose o + 139 = 5*q, 2*o = -3*q - 2*q + 127. Let k = 27 - q. Suppose -3*t + 4*t - 10 = k. What is the units digit of t?
0
Suppose -8*h - 3*w - 520 = -13*h, -5*w - 510 = -5*h. What is the hundreds digit of h?
1
Let a = -1791 + 3035. What is the units digit of a?
4
Let r = -911 - -1288. What is the hundreds digit of r?
3
What is the units digit of (255/(-102))/((-10)/15868)?
7
Let g = -14 - -16. Let z(k) = -k - 679 + 675 + 13*k. What is the units digit of z(g)?
0
Suppose 5*o - 232 = 2*b, -2*o - 237 = 5*b + 343. Let m = 46 - b. What is the hundreds digit of m?
1
Suppose 4*a = -3*l + 6459, 0 = 2*a - 3*a + 2*l + 1612. What is the units digit of a?
4
Let a be ((-1)/2)/(1/(-2)). Let f(q) = 0*q + 1 - a - 5 + 2*q. What is the tens digit of f(15)?
2
Let f(w) be the third derivative of w**5/60 + 13*w**4/24 - w**3 + 3*w**2. Let j be f(-15). What is the units digit of (j/(-2))/(-3) + -2?
2
Suppose -11*y + 2065 = -6*y. Let a = y + -94. What is the hundreds digit of a?
3
Suppose 36 = 4*c - q + 4*q, -c + 5*q + 32 = 0. Let v = -22 + c. Let d = v - -23. What is the units digit of d?
3
Let d be -3 + 2 + (-9)/(-3). Let a(u) = -4 - 5 + 2 + d + 7*u. What is the units digit of a(5)?
0
Suppose -3*n + 15 = -0*n. Suppose 5*q + n*t + 45 = 0, 2*q + 3*q = t - 45. Let g = q - -10. What is the units digit of g?
1
Let r(d) = d**2 - 6*d + 5. Let m be r(2). Let v be ((-5)/m)/(21/63). Suppose 2*c - 5*y - 13 = 0, v = 2*y - y. What is the tens digit of c?
1
Suppose 5*r = -4*t + 8665, 5*r = 5*t - t + 8665. What is the tens digit of r?
3
Let v = 30 + -62. What is the tens digit of (v/(-6))/((-6)/(-18))?
1
What is the tens digit of (-121856)/(-126) + (-10)/9?
6
Let o(h) = 5*h - 20. Let u be o(0). Let w = u - -25. What is the units digit of w?
5
Suppose -2*s = 2*n - 1032, 3*s - 5*s = 5*n - 2589. Suppose -3*v - n = -3*t - t, t - 144 = -4*v. What is the tens digit of t?
3
Let w(v) = v**3 + 11*v**2 + 9*v + 7. Let s be w(-10). Let f = s - -5. What is the units digit of f?
2
Let y(q) = 67*q**2 + 2. What is the hundreds digit of y(-2)?
2
Suppose 4 = 2*q - 8. Suppose 6*t + q = 3*t. Let v = t - -25. What is the tens digit of v?
2
Suppose o = -5*g + 316, 1 = -o - 3. Suppose y - 3*c - 21 = 0, -g + 25 = -3*y + 3*c. What is the units digit of y?
9
Let a(n) = -2*n**3 - n**2 - 8*n - 31. What is the hundreds digit of a(-7)?
6
Let j(g) = 2*g**2 - 14*g - 1. What is the hundreds digit of j(-5)?
1
Let x(b) = b**2 - 5*b + 11. What is the units digit of x(10)?
1
What is the units digit of (-1)/9 + 1603833/297?
0
Let t(a) = -a**2 + 11*a - 8. Let m be t(10). Let s(i) = -i**m + 2 + 3*i + 0 + 8*i. What is the units digit of s(11)?
2
Let r(x) = 240*x**3 + 10*x**2 - 5*x + 10 - 9*x - 241*x**3. What is the units digit of r(6)?
0
Let x = -278 - -93. Let p = x - -373. What is the tens digit of p?
8
Suppose 0 = -4*w - 16, 5*w = -c - 2*c - 14. Suppose q - 573 = -4*x, -3*x - c*q - 2*q = -420. What is the units digit of x?
4
Suppose 0 = -2*d + 20 + 4. Suppose -636 - 1248 = -d*w. What is the tens digit of w?
5
Suppose -24 + 6 = -2*w. Let z(a) = 5*a + a - 9*a**2 - 30*a**3 - 2*a - 3 + 31*a**3 + 0*a. What is the tens digit of z(w)?
3
What is the hundreds digit of (-4 - -3)/(8/(-5464))?
6
Suppose -21 = -r + 4*r. Let d be 4/(16/36)*r. Let u = d + 101. What is the tens digit of u?
3
Let a(q) = -q**2 + 12*q - 6. Let o be a(11). Suppose 0*h - 5 = -5*h, -t + o*h = -5. Suppose p - 31 = -4*l + t, 4*p = 2*l + 218. What is the units digit of p?
3
Suppose -6*p = -3*p - 15. Let o(z) = z - 2. Let w be o(p). Suppose 4*n + 5*d - 44 = 0, w*d - 4*d = 4. What is the tens digit of n?
1
Suppose 3*u = 3*g - 18, -4*g + u = -12 - 6. Suppose -g*q = 3*t - 31, -2*q + 0*t = -3*t - 29. What is the units digit of q?
0
Let i(u) = -u**2 - 10*u - 11. Let z be i(-9). Let r = -2 + z. What is the units digit of r/3*(-12)/4?
4
Let f = -85 + 91. Suppose -4*b - 2*u = -f*u - 1260, b - 2*u = 318. What is the hundreds digit of b?
3
Let h = 30 - 14. Let w(j) = -5*j + 2*j - h*j + 1 + j. What is the units digit of w(-1)?
9
Let l(a) = -8*a + 10. Let h be l(-4). Let q = h - 90. Let o = q + 109. What is the units digit of o?
1
Suppose -u - 2*l + 1907 = 0, 5*u - 4*l = 14552 - 5087. What is the units digit of u?
7
Suppose 2*g + 5*r = -12, 5*r = -g - 3 - 13. Suppose 9*m = 10*m - 3. Let y = g - m. What is the units digit of y?
1
Suppose -14*j - 261 = -23*j. Suppose 4*k